{"id":1006,"date":"2024-01-31T17:31:51","date_gmt":"2024-01-31T16:31:51","guid":{"rendered":"http:\/\/localhost\/aemp-web\/?page_id=1006"},"modified":"2024-02-02T23:38:26","modified_gmt":"2024-02-02T23:38:26","slug":"principios","status":"publish","type":"page","link":"https:\/\/www.autoridadempresas.gob.bo\/produccion\/?page_id=1006","title":{"rendered":"PRINCIPIOS Y VALORES"},"content":{"rendered":"\n<div class=\"wp-block-group is-layout-constrained wp-block-group-is-layout-constrained\">\n<div class=\"wp-block-group has-dark-purple-background-color has-background is-layout-constrained wp-block-group-is-layout-constrained\" style=\"border-style:none;border-width:0px;padding-top:20px;padding-right:30px;padding-bottom:20px;padding-left:30px\">\n<div class=\"wp-block-group alignwide is-layout-flow wp-container-core-group-layout-3 wp-block-group-is-layout-flow\" style=\"padding-bottom:30px\">\n<div class=\"wp-block-group is-content-justification-center is-nowrap is-layout-flex wp-container-core-group-layout-2 wp-block-group-is-layout-flex\" style=\"padding-top:0px;padding-right:0px;padding-bottom:0px;padding-left:0px\">\n<div class=\"wp-block-group has-dark-blue-color has-text-color has-link-color wp-elements-71a9c12e2bcd71711c62f5305a0cf3ee is-layout-constrained wp-container-core-group-layout-1 wp-block-group-is-layout-constrained\">\n<h2 class=\"wp-block-heading has-text-align-center has-dark-blue-color has-text-color has-slider-title-font-size\" style=\"line-height:1.3;text-transform:capitalize\">PRINCIPIOS<\/h2>\n<\/div>\n<\/div>\n<\/div>\n\n\n\n<div class=\"wp-block-columns alignwide is-layout-flex wp-container-core-columns-layout-1 wp-block-columns-is-layout-flex\">\n<div class=\"wp-block-column is-vertically-aligned-center is-layout-flow wp-block-column-is-layout-flow\">\n<div class=\"wp-block-group alignwide has-box-shadow has-cyan-background-color has-background is-layout-constrained wp-container-core-group-layout-5 wp-block-group-is-layout-constrained\" style=\"border-style:none;border-width:0px;border-radius:5px;padding-top:20px;padding-right:20px;padding-bottom:20px;padding-left:20px\">\n<div class=\"wp-block-group is-layout-flow wp-container-core-group-layout-4 wp-block-group-is-layout-flow\" style=\"padding-top:0px;padding-right:0px;padding-bottom:0px;padding-left:0px\">\n<h3 class=\"wp-block-heading has-text-align-left has-lite-green-color has-text-color has-link-color wp-elements-0343a61840ad736c528848704723832c\" style=\"margin-top:0px;margin-right:0px;margin-bottom:15px;margin-left:0px;text-transform:uppercase\"><strong>\u00c9tica<\/strong><\/h3>\n\n\n\n<p class=\"has-lite-green-color has-text-color has-link-color has-small-font-size wp-elements-caf64848d940b8e3d3d3233dc63da66e\">La \u00c9tica es un principio que se encuentra establecido en la Constituci\u00f3n Pol\u00edtica del Estado Plurinacional de Bolivia, y se refiere a la promoci\u00f3n en las y los servidores p\u00fablicos a una cultura \u00c9tica basada en principios valores y conductas, enfatiza el enfoque hacia el bien com\u00fan, a trav\u00e9s del cual, todas las decisiones y acciones del servidor p\u00fablico deben estar dirigidas a la satisfacci\u00f3n de las necesidades e intereses de la sociedad, por encima de intereses particulares ajenos al bienestar de la colectividad. El servidor p\u00fablico no debe permitir que influyan en sus juicios y conducta, intereses que puedan perjudicar o beneficiar a personas o grupos en detrimento del bienestar de la sociedad.<\/p>\n<\/div>\n<\/div>\n<\/div>\n\n\n\n<div class=\"wp-block-column is-vertically-aligned-center is-layout-flow wp-block-column-is-layout-flow\">\n<div class=\"wp-block-group alignwide has-box-shadow has-border-color has-purple-border-color has-dark-blue-color has-white-background-color has-text-color has-background has-link-color wp-elements-656a0ccc1fbb6172a85310d0e9dbc2ed is-layout-constrained wp-container-core-group-layout-7 wp-block-group-is-layout-constrained\" style=\"border-width:1px;border-radius:5px;padding-top:20px;padding-right:20px;padding-bottom:20px;padding-left:20px\">\n<div class=\"wp-block-group is-layout-flow wp-container-core-group-layout-6 wp-block-group-is-layout-flow\" style=\"padding-top:0px;padding-right:0px;padding-bottom:0px;padding-left:0px\">\n<h3 class=\"wp-block-heading has-text-align-left has-dark-blue-color has-text-color has-link-color wp-elements-5d8c5500550c1daf3f9b41355cef2335\" style=\"margin-top:0px;margin-right:0px;margin-bottom:15px;margin-left:0px;text-transform:uppercase\"><strong><strong>Calidad<\/strong><\/strong><\/h3>\n\n\n\n<p class=\"has-dark-blue-color has-text-color has-small-font-size\">La AEMP fiscaliza, controla, supervisa y regula las actividades de las empresas, en lo concerniente al cumplimiento de obligaciones comerciales, gobierno corporativo, defensa de la competencia, y las recaudaciones establecidas por Ley con el objeto de contribuir al crecimiento econ\u00f3mico, aplicando la mejora continua sus procesos t\u00e9cnico-legales, con personal capacitado.<\/p>\n<\/div>\n<\/div>\n<\/div>\n<\/div>\n\n\n\n<div class=\"wp-block-columns is-layout-flex wp-container-core-columns-layout-2 wp-block-columns-is-layout-flex\">\n<div class=\"wp-block-column is-vertically-aligned-center is-layout-flow wp-block-column-is-layout-flow\">\n<div class=\"wp-block-group alignwide has-box-shadow has-border-color has-purple-border-color has-white-background-color has-background is-layout-constrained wp-container-core-group-layout-9 wp-block-group-is-layout-constrained\" style=\"border-width:1px;border-radius:5px;padding-top:20px;padding-right:20px;padding-bottom:20px;padding-left:20px\">\n<div class=\"wp-block-group is-layout-flow wp-container-core-group-layout-8 wp-block-group-is-layout-flow\" style=\"padding-top:0px;padding-right:0px;padding-bottom:0px;padding-left:0px\">\n<h3 class=\"wp-block-heading has-text-align-left has-dark-blue-color has-text-color has-link-color wp-elements-9ebfe781f1599c4ae2f12d0c924c07eb\" style=\"margin-top:0px;margin-right:0px;margin-bottom:15px;margin-left:0px;text-transform:uppercase\"><strong>Transparencia<\/strong><\/h3>\n\n\n\n<p class=\"has-dark-blue-color has-text-color has-small-font-size\">Es un principio establecido tambi\u00e9n en la Constituci\u00f3n Pol\u00edtica del Estado Plurinacional de Bolivia y se define como la pr\u00e1ctica y manejo visible de los recursos del estado por parte de los y las servidoras y servidores p\u00fablicos.<\/p>\n<\/div>\n<\/div>\n<\/div>\n\n\n\n<div class=\"wp-block-column is-vertically-aligned-center is-layout-flow wp-block-column-is-layout-flow\">\n<div class=\"wp-block-group alignwide has-box-shadow has-cyan-background-color has-background is-layout-constrained wp-container-core-group-layout-11 wp-block-group-is-layout-constrained\" style=\"border-style:none;border-width:0px;border-radius:5px;padding-top:20px;padding-right:20px;padding-bottom:20px;padding-left:20px\">\n<div class=\"wp-block-group is-layout-flow wp-container-core-group-layout-10 wp-block-group-is-layout-flow\" style=\"padding-top:0px;padding-right:0px;padding-bottom:0px;padding-left:0px\">\n<h3 class=\"wp-block-heading has-text-align-left has-lite-green-color has-text-color has-link-color wp-elements-aad7788a7c9e3b48541f8d0694106fd5\" style=\"margin-top:0px;margin-right:0px;margin-bottom:15px;margin-left:0px;text-transform:uppercase\"><strong>Enfoque hacia los resultados<\/strong><\/h3>\n\n\n\n<p class=\"has-lite-green-color has-text-color has-link-color has-small-font-size wp-elements-58ad7d7ff2890a555a726b87ea7a5dd9\">Facilitar a las organizaciones p\u00fablicas la direcci\u00f3n efectiva e integrada de su proceso de creaci\u00f3n de valor p\u00fablico, a fin de optimizarlo, asegurando la m\u00e1xima eficacia y efectividad de su desempe\u00f1o, la consecuci\u00f3n de los objetivos de gobierno y la mejora continua de sus instituciones.<\/p>\n<\/div>\n<\/div>\n<\/div>\n<\/div>\n<\/div>\n\n\n\n<div class=\"wp-block-group has-lite-green-background-color has-background is-layout-constrained wp-block-group-is-layout-constrained\" style=\"border-style:none;border-width:0px;padding-top:20px;padding-right:30px;padding-bottom:20px;padding-left:30px\">\n<div class=\"wp-block-group alignwide is-layout-flow wp-container-core-group-layout-15 wp-block-group-is-layout-flow\" style=\"padding-bottom:30px\">\n<div class=\"wp-block-group is-content-justification-center is-nowrap is-layout-flex wp-container-core-group-layout-14 wp-block-group-is-layout-flex\" style=\"padding-top:0px;padding-right:0px;padding-bottom:0px;padding-left:0px\">\n<div class=\"wp-block-group is-layout-constrained wp-container-core-group-layout-13 wp-block-group-is-layout-constrained\">\n<h2 class=\"wp-block-heading has-text-align-center has-dark-blue-color has-text-color has-slider-title-font-size\" style=\"line-height:1.3;text-transform:capitalize\">VALORES<\/h2>\n<\/div>\n<\/div>\n<\/div>\n\n\n\n<div class=\"wp-block-columns alignwide is-layout-flex wp-container-core-columns-layout-3 wp-block-columns-is-layout-flex\">\n<div class=\"wp-block-column is-vertically-aligned-center is-layout-flow wp-block-column-is-layout-flow\">\n<div class=\"wp-block-group alignwide has-box-shadow has-border-color has-purple-border-color has-dark-blue-background-color has-background is-layout-constrained wp-container-core-group-layout-18 wp-block-group-is-layout-constrained\" style=\"border-width:1px;border-top-left-radius:30px;border-top-right-radius:0px;border-bottom-left-radius:0px;border-bottom-right-radius:30px;padding-top:20px;padding-right:20px;padding-bottom:20px;padding-left:20px\">\n<div class=\"wp-block-group is-nowrap is-layout-flex wp-container-core-group-layout-16 wp-block-group-is-layout-flex\">\n<figure class=\"wp-block-image alignleft size-full has-custom-border\"><img decoding=\"async\" src=\"http:\/\/localhost\/aemp-web\/wp-content\/themes\/arc-fse\/assets\/images\/icon-1.png\" alt=\"\" class=\"wp-image-67\" style=\"border-radius:0px\"\/><\/figure>\n<\/div>\n\n\n\n<div class=\"wp-block-group is-layout-flow wp-container-core-group-layout-17 wp-block-group-is-layout-flow\" style=\"padding-top:0px;padding-right:0px;padding-bottom:0px;padding-left:0px\">\n<h3 class=\"wp-block-heading has-text-align-left has-lite-green-color has-text-color has-link-color wp-elements-6fceb2ddccdab38656e7e7af281acd6b\" style=\"margin-top:0px;margin-right:0px;margin-bottom:15px;margin-left:0px;text-transform:uppercase\"><strong><strong>Responsabilidad<\/strong><\/strong><\/h3>\n\n\n\n<p class=\"has-lite-green-color has-text-color has-link-color has-small-font-size wp-elements-7e1718171ae6cb84e841091d98717580\">Asumir y responder por sus actos y juicios en el ejercicio de sus funciones. La AEMP en cumplimiento de su misi\u00f3n y atribuciones responde ante las autoridades competentes y la sociedad en general por la acci\u00f3n u omisi\u00f3n de sus actos.<\/p>\n<\/div>\n<\/div>\n<\/div>\n\n\n\n<div class=\"wp-block-column is-vertically-aligned-center is-layout-flow wp-block-column-is-layout-flow\">\n<div class=\"wp-block-group alignwide has-box-shadow has-border-color has-purple-border-color has-white-background-color has-background is-layout-constrained wp-container-core-group-layout-21 wp-block-group-is-layout-constrained\" style=\"border-width:1px;border-top-left-radius:30px;border-top-right-radius:0px;border-bottom-left-radius:0px;border-bottom-right-radius:30px;padding-top:20px;padding-right:20px;padding-bottom:20px;padding-left:20px\">\n<div class=\"wp-block-group is-nowrap is-layout-flex wp-container-core-group-layout-19 wp-block-group-is-layout-flex\">\n<figure class=\"wp-block-image alignleft size-full has-custom-border\"><img decoding=\"async\" src=\"http:\/\/localhost\/aemp-web\/wp-content\/themes\/arc-fse\/assets\/images\/icon-2.png\" alt=\"\" class=\"wp-image-68\" style=\"border-radius:0px\"\/><\/figure>\n<\/div>\n\n\n\n<div class=\"wp-block-group is-layout-flow wp-container-core-group-layout-20 wp-block-group-is-layout-flow\" style=\"padding-top:0px;padding-right:0px;padding-bottom:0px;padding-left:0px\">\n<h3 class=\"wp-block-heading has-text-align-left has-dark-blue-color has-text-color has-link-color wp-elements-1a472c628efed88b43e1819f05eb542f\" style=\"margin-top:0px;margin-right:0px;margin-bottom:15px;margin-left:0px;text-transform:uppercase\"><strong><strong><strong>Imparcialidad<\/strong><\/strong><\/strong><\/h3>\n\n\n\n<p class=\"has-dark-blue-color has-text-color has-small-font-size\">Actuar con&nbsp; igualdad y objetividad sin otorgar preferencia alguna. Los servidores de la entidad tratan con igualdad a los regulados y a todos aquellos ciudadanos que requieren sus servicios.<\/p>\n<\/div>\n<\/div>\n<\/div>\n\n\n\n<div class=\"wp-block-column is-vertically-aligned-center is-layout-flow wp-block-column-is-layout-flow\">\n<div class=\"wp-block-group alignwide has-box-shadow has-border-color has-dark-blue-background-color has-background is-layout-constrained wp-container-core-group-layout-24 wp-block-group-is-layout-constrained\" style=\"border-color:#dbe0e9;border-width:1px;border-top-left-radius:30px;border-top-right-radius:0px;border-bottom-left-radius:0px;border-bottom-right-radius:30px;padding-top:20px;padding-right:20px;padding-bottom:20px;padding-left:20px\">\n<div class=\"wp-block-group is-nowrap is-layout-flex wp-container-core-group-layout-22 wp-block-group-is-layout-flex\">\n<figure class=\"wp-block-image alignleft size-full has-custom-border\"><img decoding=\"async\" src=\"http:\/\/localhost\/aemp-web\/wp-content\/themes\/arc-fse\/assets\/images\/icon-1.png\" alt=\"\" class=\"wp-image-67\" style=\"border-radius:0px\"\/><\/figure>\n<\/div>\n\n\n\n<div class=\"wp-block-group is-layout-flow wp-container-core-group-layout-23 wp-block-group-is-layout-flow\" style=\"padding-top:0px;padding-right:0px;padding-bottom:0px;padding-left:0px\">\n<h3 class=\"wp-block-heading has-text-align-left has-lite-green-color has-text-color has-link-color wp-elements-ca7ed2ee8fbcc6b0065aedf4dd615d8d\" style=\"margin-top:0px;margin-right:0px;margin-bottom:15px;margin-left:0px;text-transform:uppercase\"><strong><strong><strong>Integralidad<\/strong><\/strong><\/strong><\/h3>\n\n\n\n<p class=\"has-lite-green-color has-text-color has-link-color has-small-font-size wp-elements-30f16c574e18f7cc11e81ef9589ef74f\">Planificar, organizar y coordinar las actividades a trav\u00e9s de normas, reglamentos y metodolog\u00edas que garanticen coherencia, estandarizaci\u00f3n y eficiencia en la labor fiscalizadora.<\/p>\n<\/div>\n<\/div>\n<\/div>\n<\/div>\n\n\n\n<div class=\"wp-block-columns alignwide is-layout-flex wp-container-core-columns-layout-4 wp-block-columns-is-layout-flex\">\n<div class=\"wp-block-column is-vertically-aligned-center is-layout-flow wp-block-column-is-layout-flow\">\n<div class=\"wp-block-group alignwide has-box-shadow has-border-color has-white-background-color has-background is-layout-constrained wp-container-core-group-layout-27 wp-block-group-is-layout-constrained\" style=\"border-color:#dbe0e9;border-width:1px;border-top-left-radius:30px;border-top-right-radius:0px;border-bottom-left-radius:0px;border-bottom-right-radius:30px;padding-top:20px;padding-right:20px;padding-bottom:20px;padding-left:20px\">\n<div class=\"wp-block-group is-nowrap is-layout-flex wp-container-core-group-layout-25 wp-block-group-is-layout-flex\">\n<figure class=\"wp-block-image alignleft size-full has-custom-border\"><img decoding=\"async\" src=\"http:\/\/localhost\/aemp-web\/wp-content\/themes\/arc-fse\/assets\/images\/icon-2.png\" alt=\"\" class=\"wp-image-68\" style=\"border-radius:0px\"\/><\/figure>\n<\/div>\n\n\n\n<div class=\"wp-block-group is-layout-flow wp-container-core-group-layout-26 wp-block-group-is-layout-flow\" style=\"padding-top:0px;padding-right:0px;padding-bottom:0px;padding-left:0px\">\n<h3 class=\"wp-block-heading has-text-align-left has-black-color has-text-color has-link-color wp-elements-dc0bd8d9c2cac9e342eb51f1dbf712b5\" style=\"margin-top:0px;margin-right:0px;margin-bottom:15px;margin-left:0px;text-transform:uppercase\"><strong><strong>Honestidad<\/strong><\/strong><\/h3>\n\n\n\n<p class=\"has-background-color has-text-color has-small-font-size\">Obrar con honradez y justicia, actuando de manera acorde a las normas establecidas y los principios y valores institucionales.<\/p>\n<\/div>\n<\/div>\n<\/div>\n\n\n\n<div class=\"wp-block-column is-vertically-aligned-center is-layout-flow wp-block-column-is-layout-flow\">\n<div class=\"wp-block-group alignwide has-box-shadow has-dark-blue-background-color has-background is-layout-constrained wp-container-core-group-layout-30 wp-block-group-is-layout-constrained\" style=\"border-style:none;border-width:0px;border-top-left-radius:30px;border-top-right-radius:0px;border-bottom-left-radius:0px;border-bottom-right-radius:30px;padding-top:20px;padding-right:20px;padding-bottom:20px;padding-left:20px\">\n<div class=\"wp-block-group is-nowrap is-layout-flex wp-container-core-group-layout-28 wp-block-group-is-layout-flex\">\n<figure class=\"wp-block-image alignleft size-full has-custom-border\"><img decoding=\"async\" src=\"http:\/\/localhost\/aemp-web\/wp-content\/themes\/arc-fse\/assets\/images\/icon-3.png\" alt=\"\" class=\"wp-image-69\" style=\"border-radius:0px\"\/><\/figure>\n<\/div>\n\n\n\n<div class=\"wp-block-group is-layout-flow wp-container-core-group-layout-29 wp-block-group-is-layout-flow\" style=\"padding-top:0px;padding-right:0px;padding-bottom:0px;padding-left:0px\">\n<h3 class=\"wp-block-heading has-text-align-left has-lite-green-color has-text-color has-link-color wp-elements-fccb01aa73c237d8e1476708abb2b04c\" style=\"margin-top:0px;margin-right:0px;margin-bottom:15px;margin-left:0px;text-transform:uppercase\"><strong><strong>Lealtad<\/strong><\/strong><\/h3>\n\n\n\n<p class=\"has-lite-green-color has-text-color has-link-color has-small-font-size wp-elements-8da7dad07e265a8a12c417f2e8cc38ac\">Consecuente y comprometido con&nbsp; los compromisos que se derivan de sus funciones y&nbsp; principios constitucionales y legales del Estado Plurinacional.<\/p>\n<\/div>\n<\/div>\n<\/div>\n\n\n\n<div class=\"wp-block-column is-vertically-aligned-center is-layout-flow wp-block-column-is-layout-flow\">\n<div class=\"wp-block-group alignwide has-box-shadow has-border-color has-white-background-color has-background is-layout-constrained wp-container-core-group-layout-33 wp-block-group-is-layout-constrained\" style=\"border-color:#dbe0e9;border-width:1px;border-top-left-radius:30px;border-top-right-radius:0px;border-bottom-left-radius:0px;border-bottom-right-radius:30px;padding-top:20px;padding-right:20px;padding-bottom:20px;padding-left:20px\">\n<div class=\"wp-block-group is-nowrap is-layout-flex wp-container-core-group-layout-31 wp-block-group-is-layout-flex\">\n<figure class=\"wp-block-image alignleft size-full has-custom-border\"><img decoding=\"async\" src=\"http:\/\/localhost\/aemp-web\/wp-content\/themes\/arc-fse\/assets\/images\/icon-2.png\" alt=\"\" class=\"wp-image-68\" style=\"border-radius:0px\"\/><\/figure>\n<\/div>\n\n\n\n<div class=\"wp-block-group is-layout-flow wp-container-core-group-layout-32 wp-block-group-is-layout-flow\" style=\"padding-top:0px;padding-right:0px;padding-bottom:0px;padding-left:0px\">\n<h3 class=\"wp-block-heading has-text-align-left has-dark-blue-color has-text-color has-link-color wp-elements-53faf6b1354038a970a3c209743b41df\" style=\"margin-top:0px;margin-right:0px;margin-bottom:15px;margin-left:0px;text-transform:uppercase\"><strong><strong><strong>Compromiso<\/strong><\/strong><\/strong><\/h3>\n\n\n\n<p class=\"has-dark-blue-color has-text-color has-small-font-size\">Identificaci\u00f3n del servidor p\u00fabico con la organizaci\u00f3n.<\/p>\n<\/div>\n<\/div>\n<\/div>\n<\/div>\n<\/div>\n<\/div>\n","protected":false},"excerpt":{"rendered":"<p>PRINCIPIOS \u00c9tica La \u00c9tica es un principio que se encuentra establecido en la Constituci\u00f3n Pol\u00edtica [&hellip;]<\/p>\n","protected":false},"author":1,"featured_media":0,"parent":1194,"menu_order":0,"comment_status":"closed","ping_status":"closed","template":"pagina-menu-institucional","meta":{"footnotes":""},"_links":{"self":[{"href":"https:\/\/www.autoridadempresas.gob.bo\/produccion\/index.php?rest_route=\/wp\/v2\/pages\/1006"}],"collection":[{"href":"https:\/\/www.autoridadempresas.gob.bo\/produccion\/index.php?rest_route=\/wp\/v2\/pages"}],"about":[{"href":"https:\/\/www.autoridadempresas.gob.bo\/produccion\/index.php?rest_route=\/wp\/v2\/types\/page"}],"author":[{"embeddable":true,"href":"https:\/\/www.autoridadempresas.gob.bo\/produccion\/index.php?rest_route=\/wp\/v2\/users\/1"}],"replies":[{"embeddable":true,"href":"https:\/\/www.autoridadempresas.gob.bo\/produccion\/index.php?rest_route=%2Fwp%2Fv2%2Fcomments&post=1006"}],"version-history":[{"count":1,"href":"https:\/\/www.autoridadempresas.gob.bo\/produccion\/index.php?rest_route=\/wp\/v2\/pages\/1006\/revisions"}],"predecessor-version":[{"id":1199,"href":"https:\/\/www.autoridadempresas.gob.bo\/produccion\/index.php?rest_route=\/wp\/v2\/pages\/1006\/revisions\/1199"}],"up":[{"embeddable":true,"href":"https:\/\/www.autoridadempresas.gob.bo\/produccion\/index.php?rest_route=\/wp\/v2\/pages\/1194"}],"wp:attachment":[{"href":"https:\/\/www.autoridadempresas.gob.bo\/produccion\/index.php?rest_route=%2Fwp%2Fv2%2Fmedia&parent=1006"}],"curies":[{"name":"wp","href":"https:\/\/api.w.org\/{rel}","templated":true}]}}