{"id":1325,"date":"2024-02-05T19:38:43","date_gmt":"2024-02-05T19:38:43","guid":{"rendered":"https:\/\/www.autoridadempresas.gob.bo\/produccion\/?page_id=1325"},"modified":"2024-02-05T19:41:23","modified_gmt":"2024-02-05T19:41:23","slug":"publicaciones","status":"publish","type":"page","link":"https:\/\/www.autoridadempresas.gob.bo\/produccion\/?page_id=1325","title":{"rendered":"Publicaciones"},"content":{"rendered":"\n<div class=\"wp-block-group has-lite-green-background-color has-background is-layout-constrained wp-block-group-is-layout-constrained\" style=\"padding-top:100px;padding-right:30px;padding-bottom:100px;padding-left:30px\">\n<div class=\"wp-block-columns alignwide is-layout-flex wp-container-core-columns-layout-1 wp-block-columns-is-layout-flex\">\n<div class=\"wp-block-column is-vertically-aligned-center is-layout-flow wp-block-column-is-layout-flow\">\n<div class=\"wp-block-group is-layout-flow wp-block-group-is-layout-flow\">\n<figure class=\"wp-block-image size-full has-custom-border  no-margin\"><img loading=\"lazy\" decoding=\"async\" width=\"1588\" height=\"896\" src=\"https:\/\/www.autoridadempresas.gob.bo\/produccion\/wp-content\/uploads\/2024\/02\/24-de-mayo.jpg\" alt=\"\" class=\"wp-image-1326\" style=\"border-radius:0px\" srcset=\"https:\/\/www.autoridadempresas.gob.bo\/produccion\/wp-content\/uploads\/2024\/02\/24-de-mayo.jpg 1588w, https:\/\/www.autoridadempresas.gob.bo\/produccion\/wp-content\/uploads\/2024\/02\/24-de-mayo-300x169.jpg 300w, https:\/\/www.autoridadempresas.gob.bo\/produccion\/wp-content\/uploads\/2024\/02\/24-de-mayo-1024x578.jpg 1024w, https:\/\/www.autoridadempresas.gob.bo\/produccion\/wp-content\/uploads\/2024\/02\/24-de-mayo-768x433.jpg 768w, https:\/\/www.autoridadempresas.gob.bo\/produccion\/wp-content\/uploads\/2024\/02\/24-de-mayo-1536x867.jpg 1536w\" sizes=\"(max-width: 1588px) 100vw, 1588px\" \/><\/figure>\n<\/div>\n<\/div>\n\n\n\n<div class=\"wp-block-column is-vertically-aligned-center is-layout-flow wp-block-column-is-layout-flow\" style=\"padding-top:5px;padding-right:5px;padding-bottom:5px;padding-left:5px\">\n<div class=\"wp-block-group alignwide is-layout-constrained wp-container-core-group-layout-3 wp-block-group-is-layout-constrained\">\n<div class=\"wp-block-group is-nowrap is-layout-flex wp-container-core-group-layout-2 wp-block-group-is-layout-flex\">\n<p class=\"has-cyan-color has-text-color has-medium-font-size\" style=\"letter-spacing:1px\">COMUNICADO<\/p>\n<\/div>\n\n\n\n<h2 class=\"wp-block-heading has-dark-blue-color has-text-color has-link-color has-huge-font-size wp-elements-0697dcfaef0c426254a2abc5699487bc\">Dia nacional contra el racismo y toda forma de discriminacion<\/h2>\n\n\n\n<p class=\"has-text-align-left has-sky-blue-color has-text-color has-link-color wp-elements-05e1cfebdad4b60fabdb63d3187c57ab\">A ocho a\u00f1os de promulgada la Ley 139 que establece el 24 de mayo como D\u00eda Nacional contra el Racismo y Toda forma de Discriminaci\u00f3n, en desagravio a las afrentas que recibieron 50 campesinos producto del profundo racismo de parte de grupos radicales en la ciudad de Sucre, en mayo de 2008, \u00a0la Defensor\u00eda del Pueblo destaca que desde el Estado existen avances importantes en la lucha por erradicar estas dos formas de actitudes que vulneran los derechos humanos; no obstante, reconoce que lo avanzado no es suficiente.<\/p>\n\n\n\n<p class=\"has-sky-blue-color has-text-color has-link-color wp-elements-ea7579a55a18ce0d6c0f4de4428ca064\">La Paz, 24 de mayo de 2019.<\/p>\n<\/div>\n<\/div>\n<\/div>\n<\/div>\n\n\n\n<div class=\"wp-block-group is-vertical is-layout-flex wp-container-core-group-layout-6 wp-block-group-is-layout-flex\">\n<div class=\"wp-block-group is-layout-constrained wp-block-group-is-layout-constrained\"><\/div>\n<\/div>\n","protected":false},"excerpt":{"rendered":"<p>COMUNICADO Dia nacional contra el racismo y toda forma de discriminacion A ocho a\u00f1os de [&hellip;]<\/p>\n","protected":false},"author":1,"featured_media":0,"parent":0,"menu_order":0,"comment_status":"closed","ping_status":"closed","template":"","meta":{"footnotes":""},"_links":{"self":[{"href":"https:\/\/www.autoridadempresas.gob.bo\/produccion\/index.php?rest_route=\/wp\/v2\/pages\/1325"}],"collection":[{"href":"https:\/\/www.autoridadempresas.gob.bo\/produccion\/index.php?rest_route=\/wp\/v2\/pages"}],"about":[{"href":"https:\/\/www.autoridadempresas.gob.bo\/produccion\/index.php?rest_route=\/wp\/v2\/types\/page"}],"author":[{"embeddable":true,"href":"https:\/\/www.autoridadempresas.gob.bo\/produccion\/index.php?rest_route=\/wp\/v2\/users\/1"}],"replies":[{"embeddable":true,"href":"https:\/\/www.autoridadempresas.gob.bo\/produccion\/index.php?rest_route=%2Fwp%2Fv2%2Fcomments&post=1325"}],"version-history":[{"count":4,"href":"https:\/\/www.autoridadempresas.gob.bo\/produccion\/index.php?rest_route=\/wp\/v2\/pages\/1325\/revisions"}],"predecessor-version":[{"id":1332,"href":"https:\/\/www.autoridadempresas.gob.bo\/produccion\/index.php?rest_route=\/wp\/v2\/pages\/1325\/revisions\/1332"}],"wp:attachment":[{"href":"https:\/\/www.autoridadempresas.gob.bo\/produccion\/index.php?rest_route=%2Fwp%2Fv2%2Fmedia&parent=1325"}],"curies":[{"name":"wp","href":"https:\/\/api.w.org\/{rel}","templated":true}]}}