{"id":944,"date":"2024-01-30T23:31:41","date_gmt":"2024-01-30T22:31:41","guid":{"rendered":"http:\/\/localhost\/aemp-web\/?page_id=944"},"modified":"2024-01-30T23:31:41","modified_gmt":"2024-01-30T22:31:41","slug":"funciones","status":"publish","type":"page","link":"https:\/\/www.autoridadempresas.gob.bo\/produccion\/?page_id=944","title":{"rendered":"FUNCIONES"},"content":{"rendered":"\n<div class=\"wp-block-group is-layout-constrained wp-block-group-is-layout-constrained\">\n<div class=\"wp-block-group alignfull is-layout-flow wp-container-core-group-layout-3 wp-block-group-is-layout-flow\" style=\"padding-top:0px;padding-right:0px;padding-bottom:0px;padding-left:0px\">\n<div class=\"wp-block-columns alignwide is-layout-flex wp-container-core-columns-layout-1 wp-block-columns-is-layout-flex\">\n<div class=\"wp-block-column is-vertically-aligned-center is-layout-flow wp-block-column-is-layout-flow\">\n<div class=\"wp-block-group alignwide has-box-shadow has-dark-blue-color has-lite-green-background-color has-text-color has-background has-link-color wp-elements-56ca7f98504d1b4d1a99ff078177e7ab is-layout-constrained wp-container-core-group-layout-2 wp-block-group-is-layout-constrained\" style=\"border-style:none;border-width:0px;border-radius:5px;padding-top:20px;padding-right:20px;padding-bottom:20px;padding-left:20px\">\n<div class=\"wp-block-group is-layout-flow wp-container-core-group-layout-1 wp-block-group-is-layout-flow\" style=\"padding-top:0px;padding-right:0px;padding-bottom:0px;padding-left:0px\">\n<ul>\n<li>Formular la planificaci\u00f3n estrat\u00e9gica, elaborar el Programa de Operaciones Anual (POA) de Auditoria Interna que ser\u00e1 aprobado por el Director Ejecutivo de la entidad.<\/li>\n\n\n\n<li>Responder ante la Contralor\u00eda General del Estado por la imparcialidad y calidad profesional del trabajo (Inciso f, Art. 27 de la Ley 1178 y NIC 108).<\/li>\n\n\n\n<li>Remitir los informes de auditor\u00eda concluidos al Director Ejecutivo de la AEMP, al Ministerio de Desarrollo Productivo y Econom\u00eda Plural y a la Contralor\u00eda General del Estado.<\/li>\n\n\n\n<li>Preparar informes actividades semestral y anual.<\/li>\n\n\n\n<li>Aplicar las Normas de Auditoria Gubernamental en la ejecuci\u00f3n de las auditor\u00edas en las etapas de planificaci\u00f3n. ejecuci\u00f3n y comunicaci\u00f3n el resultados.<\/li>\n\n\n\n<li>Obtener evidencia suficiente y competente en la ejecuci\u00f3n de auditor\u00edas.<\/li>\n\n\n\n<li>Preparar papeles de trabajo en sujeci\u00f3n a las NAG.<\/li>\n\n\n\n<li>Mantener y actualizar el registro y archivo de informes de auditor\u00eda y de la correspondencia emitida y recibida, as\u00ed como otros documentos del \u00e1rea.<\/li>\n\n\n\n<li>Custodiar y controlar la informaci\u00f3n existente en el Legajo Permanente de la Unidad.<\/li>\n\n\n\n<li>Administrar el archivo de papeles de trabajo.<\/li>\n\n\n\n<li> <\/li>\n<\/ul>\n<\/div>\n<\/div>\n<\/div>\n<\/div>\n<\/div>\n<\/div>\n","protected":false},"excerpt":{"rendered":"","protected":false},"author":1,"featured_media":0,"parent":900,"menu_order":0,"comment_status":"closed","ping_status":"closed","template":"pagina-menu-auditoria","meta":{"footnotes":""},"_links":{"self":[{"href":"https:\/\/www.autoridadempresas.gob.bo\/produccion\/index.php?rest_route=\/wp\/v2\/pages\/944"}],"collection":[{"href":"https:\/\/www.autoridadempresas.gob.bo\/produccion\/index.php?rest_route=\/wp\/v2\/pages"}],"about":[{"href":"https:\/\/www.autoridadempresas.gob.bo\/produccion\/index.php?rest_route=\/wp\/v2\/types\/page"}],"author":[{"embeddable":true,"href":"https:\/\/www.autoridadempresas.gob.bo\/produccion\/index.php?rest_route=\/wp\/v2\/users\/1"}],"replies":[{"embeddable":true,"href":"https:\/\/www.autoridadempresas.gob.bo\/produccion\/index.php?rest_route=%2Fwp%2Fv2%2Fcomments&post=944"}],"version-history":[{"count":0,"href":"https:\/\/www.autoridadempresas.gob.bo\/produccion\/index.php?rest_route=\/wp\/v2\/pages\/944\/revisions"}],"up":[{"embeddable":true,"href":"https:\/\/www.autoridadempresas.gob.bo\/produccion\/index.php?rest_route=\/wp\/v2\/pages\/900"}],"wp:attachment":[{"href":"https:\/\/www.autoridadempresas.gob.bo\/produccion\/index.php?rest_route=%2Fwp%2Fv2%2Fmedia&parent=944"}],"curies":[{"name":"wp","href":"https:\/\/api.w.org\/{rel}","templated":true}]}}